v(l) + 5*f(l). Give r(b).
4
Let d(v) = v**3 + 13*v**2 + v + 11. Let r = 319 - 135. Let i = -197 + r. Give d(i).
-2
Let m(f) be the third derivative of f**6/120 + f**5/6 + 17*f**4/24 + 11*f**3/3 - 43*f**2 - 14*f. Determine m(-8).
14
Let m = 530 - -139. Let q = 664 - m. Let y(i) = -i**3 + i**2 + i + 1. Let l(w) = -4*w**3 - 3*w**2 - 2*w - 4. Let o(j) = l(j) - 3*y(j). Give o(q).
-7
Let w(n) = -n - 15. Let o(l) = 7. Let m(v) = -5*o(v) - 2*w(v). Suppose 0 = 4*g - 9 - 3. Suppose -g*b + b + 12 = 0. Calculate m(b).
7
Let i(h) = 42*h - 125*h + 40*h + 10 + 40*h + 7. Let d(z) = 4*z - 19. Let y(o) = -2*d(o) - 3*i(o). Calculate y(16).
3
Suppose 0 = -3*w - 5*y - 275 + 291, -2 = 4*w - 5*y. Let a(c) be the first derivative of -4*c + 1/3*c**3 + 3*c**2 + w. Calculate a(-7).
3
Let i(y) = 4*y + 12. Suppose 4*w + 2*l + 4 = 0, 0 = 245*l - 246*l - 4. Give i(w).
16
Let n(c) = -c**2 - 5*c - 6. Suppose -24*g + 15 = -29*g. Let s(f) = f**2 + 20*f + 47. Let l be s(g). What is n(l)?
-2
Let s(k) = 47 - 33*k + 23*k + 25 + 47. Calculate s(13).
-11
Let r(k) = -2*k**2 + 13*k + 24. Let z(x) = -x**2 + 7*x + 12. Let n(s) = -2*r(s) + 5*z(s). Suppose -4*q + 46 = -2*v, 5*v = 3 - 28. What is n(q)?
12
Let c(g) = -10*g + 9. Let v be c(2). Let t(q) = q**2 + 10*q + 4. Let z(i) = 5*i**2 + 51*i + 19. Let u(w) = v*t(w) + 2*z(w). What is u(-8)?
-6
Let h(c) = 9*c - 5 + 5 - 1. Suppose -58*y - 60*y = 590. Let i(q) = -17*q + 2. Let x(o) = y*h(o) - 3*i(o). Calculate x(1).
5
Suppose -5*b = -2*b - 5*w - 4, -2*w + 5 = b. Let v be (4 - b)*-1 + 27. Let q(o) = 0*o + 24 - v - o - 20. Give q(0).
-22
Let v(g) = -13*g**2 + 340*g + 299. Let u be v(27). Let t(i) be the third derivative of -4/3*i**3 - 3/8*i**4 + 1/60*i**5 + 0 - 29*i**u + 0*i. Give t(9).
-8
Let g(f) = -3*f**2 - 269*f - 43. Let m(a) = -3*a**2 - 354*a - 40. Let w(u) = -5*g(u) + 4*m(u). Calculate w(23).
9
Let g(t) = 24*t**3 + 10*t**2 - 10*t - 7. Let b(i) = -5*i**3 - i**2 + 3*i - 3. Let q(j) = 5*b(j) + g(j). Calculate q(5).
3
Suppose 13*p = -758 + 797. Let m(h) = -h**3 + 2*h**2 + h + 7. Determine m(p).
1
Let m(q) = -q**2 - 18*q - 25. Let v(f) = -f**2 - 17*f - 25. Let u(j) = 5*m(j) - 6*v(j). What is u(-7)?
-10
Let v(f) be the third derivative of f**7/2520 - f**6/80 - f**5/8 - f**4/8 - 4*f**3/3 - 156*f**2. Let n(l) be the second derivative of v(l). Determine n(11).
7
Let v(t) = 22 - 91*t**2 + t**3 + 71*t**2 + 447*t - 449*t. Determine v(20).
-18
Suppose 3*z = 8*z - 5, 4 = -t - 2*z. Let k = t + 4. Let c(b) = -568*b - 3 + 1114*b + 2*b**2 - 548*b. Determine c(k).
9
Let v(c) be the third derivative of c**4/4 + 29*c**3/6 + 13*c**2. Determine v(-6).
-7
Let a(d) be the second derivative of -d**4/12 - 11*d**3/3 - 3*d**2 - 668*d + 3. What is a(-18)?
66
Let l(c) be the first derivative of -3*c**3 + c**2/2 + c + 183. Let x be l(-1). Let k(b) = -b**3 - 9*b**2 - b - 6. Determine k(x).
3
Let n(d) = d**3 - 12*d**2 - 18. Let j = 7023 - 7011. Give n(j).
-18
Let t(f) = 23*f + 44. Let z(k) = 15*k + 33. Let b(c) = -5*t(c) + 8*z(c). Calculate b(-14).
-26
Suppose 5*m - m - 32 = 0. Suppose t - m = 5*p, 3*p + p = -2*t + 2. Let b(q) = 16*q**2 + q. Give b(p).
15
Let u(d) be the first derivative of d**4/4 + 7*d**3/3 + 11*d**2/2 + 7*d + 708. Give u(-5).
2
Let w(f) = f**3 + 16*f**2 - 4*f + 37. Let p be w(-16). Suppose -p*h - 220 = -81*h. Let i(d) = -2*d - 6. Calculate i(h).
16
Let t = -278 + 275. Let n be (-4)/(-6)*(t + (-36)/(-8)). Let o(q) = q. What is o(n)?
1
Let h(c) = 3*c**2 - 61*c - 1. Let i(m) = -13*m**2 + 272*m + 5. Let k(p) = 9*h(p) + 2*i(p). Give k(8).
25
Let r(h) = h. Let g be r(4). Let u = 1 - g. Let a(p) = -15*p**2 + 58*p + 2. Let f(o) = -17*o**2 + 68*o + 2. Let b(c) = 7*a(c) - 6*f(c). Give b(u).
-19
Let l(h) be the first derivative of 2*h**2 + 9*h + 8444. Calculate l(-4).
-7
Let q(f) be the second derivative of f**4/4 - 5*f**3/6 + 2*f**2 - 519*f - 25. Let b = -5 + 8. Suppose b = 2*x - x. Calculate q(x).
16
Let c(i) = 9. Let o(a) = 6 - 14 - 3*a + 2*a + 0*a. Let n(k) = -6*c(k) - 7*o(k). Let q = 98 + -96. Determine n(q).
16
Let p(b) be the second derivative of b**5/20 - b**4/12 + 5*b**2 - 61*b. What is p(0)?
10
Let t(d) = -2*d + 2*d**3 + 1 + d + 3*d**2 + 2*d + d. Suppose -57 = 34*b + 11. Determine t(b).
-7
Let k(n) be the first derivative of n**2 + 4*n + 146. What is k(6)?
16
Suppose 12 = 4*l, 2*k - l = 2*l - 15. Let d(v) be the third derivative of v**6/60 + v**5/15 - v**4/12 - 2*v**3/3 + v**2 - 96. Give d(k).
-16
Let x = 22 - 15. Let p(m) = 26085*m**2 - m**3 + 26077*m**2 - 52155*m**2 + m - 3. What is p(x)?
4
Let q(h) = h**3 - 6*h**2 - 5*h - 4. Let f(p) = -2743*p - 5479. Let i be f(-2). What is q(i)?
10
Suppose -2*u = -u - 4. Let s be (91/(-26))/((140/16)/(-5)). Let o(f) = s*f**2 - u*f**2 + 0*f - 11*f + 7 + 3*f**2. Determine o(5).
-23
Let b(l) = -33*l + 74. Let y(t) = -16*t + 37. Let n(o) = 6*b(o) - 13*y(o). Let v be n(4). Let m(z) = -2*z**2 - 4*z + 4. Give m(v).
-26
Suppose -7 = 4*l - 3. Let t(w) = -w**2. Let v(h) = -22*h**2 + 2*h + 1. Let m(z) = l*v(z) + 2*t(z). Suppose 0 = 4*i + 3 + 1. Give m(i).
21
Let g be 2/4*0/(-3*56/21). Let j(r) be the third derivative of 1/3*r**3 + 1/24*r**4 + 0*r - 5*r**2 + g. What is j(-6)?
-4
Let i = -1 - 4. Let d(h) = -15 + 1362*h**2 + 11*h - 2740*h**2 + 1367*h**2. Let z(x) = 2*x**2 - x + 2. Let o(v) = d(v) + 6*z(v). Determine o(i).
-3
Let n(r) = -358 + 5*r - 308 + 246 + 15*r. Give n(21).
0
Let i(x) = 3*x - 4. Let b(k) = 20*k**2 - k. Let q be b(-1). Let c be (-1 - 18/(-42))/((-3)/q). Determine i(c).
8
Let t(m) = -2*m**2 - m - 6. Let z(o) be the third derivative of -o**5/60 - 5*o**3/6 - 119*o**2. Let f(h) = -2*t(h) + 3*z(h). Determine f(-3).
0
Let c(n) = 42*n**2 + 33*n - 24. Let b(v) = 23*v**2 + 18*v - 13. Let x(l) = -11*b(l) + 6*c(l). Suppose 2*h - 4*i + 14 = 0, h + 4 = -h - i. Give x(h).
-10
Let h(z) be the first derivative of -7*z**2/2 + 287*z - 1200. Calculate h(40).
7
Let z(w) = -w + 23. Let o(k) = k - 21. Let b be 20/10 + (0 + 2 - 0). Let p(a) = b*z(a) + 5*o(a). Determine p(9).
-4
Let b(n) = -n**3 - 4*n**2 + n + 5. Let j = -366 - -437. Suppose -79 = 2*k - j. What is b(k)?
1
Let i(w) be the third derivative of 1/10*w**5 + 7/24*w**4 - w**2 - 1/120*w**6 + 0 - 10*w + 5/3*w**3. Calculate i(7).
10
Let z(d) = -3*d + 445 + 486 - 6*d - 886. Determine z(4).
9
Let w(z) = 27*z - 71. Let t(r) = -7*r + 18. Let q(c) = 11*t(c) + 3*w(c). Determine q(4).
1
Let l be 1/3*30*(-111)/370. Let q(t) = t**2 + 27*t + 63. Calculate q(l).
-9
Suppose -35*l + 5*l - 7*l = 185. Let m(w) = w**3 + 3*w**2 - 8*w - 3. Determine m(l).
-13
Let u(j) = -11*j + 6. Let l be 54/(-15) + (-8)/20. Let i be u(l). Let b = i - 47. Let k(r) = r**2 - r - 4. Calculate k(b).
2
Let v(r) = r**3 + 16*r**2 - 17*r + 25. Suppose 34 = -13*z + 11*z. Calculate v(z).
25
Let p(w) = 2*w**2 + 3*w + 4. Let r be (-51 + 50)*((-6)/(-3) + -2). Calculate p(r).
4
Let d(m) be the second derivative of -7/60*m**6 + 0*m**3 - 15*m - 1/60*m**5 + 0 + 37/2*m**2 - 1/24*m**4. Let n(v) be the first derivative of d(v). Give n(-1).
14
Let t(k) = -k**3 + 37*k**2 - 37*k + 44. Let q(s) = -37*s**3 + s**2 - 43*s - 45. Let n be q(-1). Determine t(n).
8
Suppose 7*y - 24 + 10 = 0. Let m be (7 - 16 - -8)*(-2)/y. Let r(l) = l**2 - 3*l + 2. Calculate r(m).
0
Let w(v) be the second derivative of 0 + 38*v - 1/12*v**4 + 1/2*v**2 + 5/6*v**3. Determine w(6).
-5
Let o(i) = -2*i**2 + 4*i - 4. Let n = 12 + -12. Suppose n = -55*f + 44*f + 44. Calculate o(f).
-20
Let d(r) = -13*r + 84. Let w(b) = -b + 57. Let z(i) = -5*d(i) + 10*w(i). Determine z(-3).
-15
Let k(f) = -7 - 3*f**2 - 29*f**3 - 7 + 2*f - 8*f + 15 + 30*f**3. Let z = 6 + -2. Calculate k(z).
-7
Let g(u) be the third derivative of 0 - 1/60*u**5 + 0*u - 2/3*u**3 + 1/12*u**4 - 326*u**2. Determine g(4).
-12
Let n(u) = 6*u + 54. Let r = 14515 - 14531. What is n(r)?
-42
Suppose 4*v + a - 7 = 0, -3*a - 7 = -2*v - 0*v. Let w(p) = p**2 + 5*p + 2*p**2 - p**v - 3*p**2 - 6. Let n = -1001 - -1005. Calculate w(n).
-2
Suppose 0 = -26*l + 27*l - 9. Suppose -2*a + 3*a = p + 6, -2*p - l = -a. Let t(o) be the third derivative of -o**4/8 - o**3/6 + o**2. Calculate t(p).
8
Let h(k) = 4*k**3 - 31*k**2 + 56*k - 14. Let f be h(5). Let m(d) = -5*d - 4. Let w(t) = -11*t - 9. Let x(g) = 7*m(g) - 3*w(g). Calculate x(f).
17
Let t be 1029/1372*(-88)/6. Let z(j) = j**3 + 11*j**2 - 5. Calculate z(t).
-5
Suppo